uppose -28*q + c = -25*q. What is the units digit of q?
6
Suppose 0 = 3*s - 5*a - 7, 0 = s - 5*a + 1. Suppose -s*m = 2*m. Suppose -23*t + 24*t - 122 = m. What is the tens digit of t?
2
Suppose 423*t = 457*t - 324836. What is the hundreds digit of t?
5
Suppose -4*r + 2*f - 22 = 4*f, -4*r + 3*f = 47. Suppose v + m + 0 + 10 = 0, 2*v + 20 = 3*m. What is the units digit of 6232/32 + v/r?
6
Let q be 2 + 26/(-39) + 7/(-3). Let s(m) = 6*m**2 + 4*m + 2. Let c be s(q). Suppose -k - c*o = -9*o - 71, 5*k + 2*o - 382 = 0. What is the units digit of k?
6
Let y be 12/(2 - 6) + -2. Let z be 2/y - 1954/(-10). What is the tens digit of ((-16)/20)/((-6)/z)?
2
Suppose 0 = -y - 7 - 17. Let u be (2 + (-19)/2)/((-4)/y). What is the units digit of ((-1422)/u)/((-4)/(-10))?
9
Let k = 34 + -29. Suppose -i + 439 = 4*i - b, 0 = 5*b - k. Suppose -43*p = -41*p - i. What is the tens digit of p?
4
Suppose -3 = 2*p + 2*p - 3*o, 25 = 5*o. Suppose -5*d - 34 = p*b - 4*d, -d = 1. Let k = 146 + b. What is the units digit of k?
5
Suppose 17 = 5*w - r - 69, w - 22 = 5*r. Suppose 0 = 22*b - w*b - 1170. What is the units digit of b?
4
Let y(z) be the first derivative of -255*z**4/4 - z**3/3 - z**2 - z + 60. What is the tens digit of y(-1)?
5
Suppose -2*r = 8*r - 26240. Suppose 10*i + 6*i = r. What is the units digit of i?
4
Let b = 38 + -35. Suppose 3*q + 2 = 5*q, 2*c + 53 = b*q. What is the units digit of (-45)/c - (-1)/5?
2
Let i be 24/84 - (312/14 - 2). Let y be 14/(-10) + 1 + (-12888)/i. Suppose 4*t + 2*x - y = 0, -4*x + 473 = 3*t - 0*x. What is the units digit of t?
3
Let g = 15988 - 4302. What is the hundreds digit of g?
6
What is the ten thousands digit of 174/8*(-3120)/45*(-29)/1?
4
Let g(v) = v**3 - 42*v**2 - 46*v + 48. Let w(b) = 2*b**3 - 83*b**2 - 92*b + 95. Let a(c) = 7*g(c) - 3*w(c). What is the units digit of a(46)?
1
Let d(z) = 64*z**2 - 54*z - 1466. What is the thousands digit of d(-25)?
9
Suppose 5*f - 3215 = -4*y, 1626*f + y = 1623*f + 1922. What is the tens digit of f?
3
Let i be 4*(-2)/(-4) - 0. Let g(n) = -2*n**3 - 69*n**2 - 37*n - 12. Let y be g(-34). Suppose -y = -i*u + 4. What is the tens digit of u?
4
Let t(y) = 108*y**2 - 2*y + 6. Let q be t(4). Suppose -2*b - 520 = -q. Suppose 2*w - 378 = -4*z, -4*z - 3*w + b - 228 = 0. What is the units digit of z?
6
Let v = 5978 - 3684. What is the hundreds digit of v?
2
Let d(j) = j**2 - 3*j - 8. Let i be d(5). Suppose 3*x = 2*v + 6, -2*v = 2*v + 12. Suppose -s - 2*s + i*k + 289 = x, -15 = 3*k. What is the units digit of s?
3
Suppose 2*k - 18506 = 2*m, 0 = 6*k - 7*k - 3*m + 9237. What is the tens digit of k?
4
Let i(k) = k**2 - 2*k - 8. Let r be i(4). Suppose -13*l + 18*l - 20 = r. Suppose 0*d - l*d = -2*x - 180, 3*x - 203 = -5*d. What is the units digit of d?
3
Let i = -155 + 150. What is the tens digit of i/(-10) - (-463)/4*6?
9
Let a(r) = -r**2 - 4 - 4*r - r**2 - r + 3. Let y(p) = -p**2 + p + 1. Let x(k) = a(k) - 4*y(k). What is the units digit of x(8)?
1
Suppose -8 = -2*x - 0. Suppose 5*q + 113 - 33 = -5*s, -x*s + 20 = -3*q. Let v = 15 + q. What is the units digit of v?
3
Let w(a) = -9*a - 1. Suppose 5*l = -u - 5, -4*l - 28 = -u - 3*u. Suppose -5 = 3*p + m, -p - u*m = -3*m. What is the units digit of w(p)?
7
What is the thousands digit of (26/104)/((-3)/(-298836))?
4
What is the thousands digit of -8700*(-248)/186*(-3)/(-2)?
7
Suppose -240*z = -1897318 - 1695722. What is the units digit of z?
1
Let k(u) = -u**3 + 7*u**2 - 5*u + 4. Let c(d) = d + 22. Let q(z) = -2*z - 2. Let l be q(7). Let w be c(l). What is the tens digit of k(w)?
1
What is the units digit of (108/184 - 7/14) + 475040/23?
4
Let h = 1066 + 519. What is the hundreds digit of h?
5
Suppose -283*n + 2150 = -258*n. Suppose d + 2*t = 137, -5*d + d + t = -512. Suppose -3*u - n = -j, 4*j + d = 2*u + 453. What is the tens digit of j?
8
Let j be 3/(-2) + 1 - 73848/(-48). Suppose -j = -10*l - 18. What is the hundreds digit of l?
1
Let p(j) = -j**3 + 17*j**2 - 27*j - 30. Let f be p(15). Let v = f + -25. Let a(k) = -k**2 - 16*k + 19. What is the tens digit of a(v)?
7
Suppose 2*m = -q + 44152, -7*m = -8*m + 3*q + 22055. What is the hundreds digit of m?
0
Let z(o) be the third derivative of o**5/30 + 9*o**4/8 + 63*o**3/2 - 215*o**2. What is the hundreds digit of z(-22)?
5
Suppose -q + 3 = 0, -5*n + 35*q - 38*q + 13359 = 0. What is the thousands digit of n?
2
Let y = 33 - -59. Let p = y + -59. What is the tens digit of p/12*(-5 - -9)?
1
Let i(h) = 27*h + 297. Let p be (-8)/(-20) + 414/15. What is the hundreds digit of i(p)?
0
Suppose 0 = -5*r - a - 51, 3*a - 2 - 35 = 4*r. Let z(h) = h**3 + 11*h**2 + 12*h + 21. What is the units digit of z(r)?
1
Let a(s) be the second derivative of 44*s**3/3 - 123*s**2/2 + s + 13. What is the units digit of a(8)?
1
What is the hundreds digit of (-4)/(224/(-231875)) + 4 + 6/16?
1
Let p(g) = 36*g**3 + 3*g**2 + 2*g - 1. Let v be p(-2). Let n = -20 - v. What is the units digit of n?
1
Let j = 4921 - 1436. Suppose -38*m + 33*m - j = -2*y, -2*y + 3470 = -2*m. What is the hundreds digit of y?
7
Let j = 8 + -3. Suppose o = 3*b - o - 8, -4*o + 50 = j*b. Suppose -9*u + b*u + v = -123, 0 = -3*v. What is the tens digit of u?
4
Let w be (-1 - -3)/((-102)/36 + 3). Let a = 103 - 54. Suppose -w = 47*r - a*r. What is the units digit of r?
6
Let z = -388 + 379. Let c(d) = d**3 + 18*d**2 - 6*d + 65. What is the units digit of c(z)?
8
Suppose -6*i = -36, -183*b = -185*b - 3*i + 154986. What is the hundreds digit of b?
4
Suppose 24901 = 9*a + 8314. Suppose 0 = -22*w + 3*w + a. What is the units digit of w?
7
Let w(n) = -474*n**3 - 3*n**2 - 341*n - 1027. What is the units digit of w(-3)?
7
Let j = -11 + 33. Suppose 0 = -4*d - 6 + j. Suppose g + d*g = 95. What is the tens digit of g?
1
What is the thousands digit of 12*(-2)/4*(9 - 106821/22)?
9
Suppose -20*g - 274014 + 1084954 = 0. What is the units digit of g?
7
Let g = 1341 + -821. Suppose 3*z - 6*o + 518 = -5*o, -3*z = o + g. Let b = z - -304. What is the tens digit of b?
3
Suppose 0 = 15*c - 584203 - 155687. What is the hundreds digit of c?
3
Let c = 4571 + -1663. What is the thousands digit of c?
2
Let y be 8/(4 - 130/35). Let j be (-22)/14 - 12/y. Let p = 47 - j. What is the tens digit of p?
4
Let z = 30 - 54. Let j = 15 + z. What is the units digit of (2 - 179)*(3 + 33/j)?
8
Suppose 7*p + 4*g = 5*p - 188, -2*p - 2*g - 188 = 0. Let u = -102 - p. What is the hundreds digit of (-1 - 109)*(1 + 20/u)?
1
Let w = 9648 - 4425. What is the hundreds digit of w?
2
Let h(k) = 10*k**2 - 36*k + 88. What is the hundreds digit of h(39)?
8
Suppose -5*q - 2*o - 18 = 0, -3*q = -0*o - 4*o - 10. What is the hundreds digit of q/(-1)*10984/16?
3
Let p(x) = x**3 - 7*x**2 + 7*x - 6. Let b be p(6). Suppose b = n - 8*n + 21. Suppose -n*y + 218 + 127 = 0. What is the hundreds digit of y?
1
Suppose -3947 = -2*y - 3*m, y - 28*m + 30*m = 1976. What is the units digit of y?
6
Let m be -276*(1 - 12/(-8))*-1. Suppose 0 = 3*q - 3*s + 8*s - m, q - 2*s = 230. What is the units digit of q?
0
Suppose 25*c - 28*c - 12 = 0. What is the units digit of (4/(-8) + c)*-8?
6
Suppose 1 + 2 = 3*w. Let s be ((-48)/3)/(-4) - w. Suppose s*a - 207 = 66. What is the tens digit of a?
9
Let f(v) = -1666*v + 501. What is the thousands digit of f(-7)?
2
Suppose -5*d - 16493 = -3*u, 2*u + 5*d = 3040 + 8022. What is the thousands digit of u?
5
Suppose 4 = 18*l - 17*l. Let i be ((-2)/l*1)/((-1)/840). What is the units digit of (i/24)/(((-6)/8)/(-3))?
0
Suppose -5*m + 3*z = 227 + 39, 2*m + 4*z = -122. What is the units digit of 11/(m/(-60)) - -5?
7
Let q(n) = 18*n**2 - 9*n - 15. Let k be q(13). Suppose 11*z - 6*z - k = 0. What is the units digit of z?
2
Suppose 0 = 19*o - 12*o + 13*o - 135640. What is the tens digit of o?
8
Suppose 0 = -5*k - 2*l + 39619, -k + 0*l + 5*l = -7940. What is the hundreds digit of k?
9
Let t be 24/(-18)*3 - -6. Let s be 2*(-4 - 55/(-10)). Suppose 84 = s*i - 2*a - t*a, -2*i = -a - 51. What is the tens digit of i?
2
Let w = 29790 - 4629. What is the ten thousands digit of w?
2
Suppose 0 = -3*q - x + 242727, -169*x + 170*x = 3*q - 242739. What is the units digit of q?
1
Let t(v) = -920*v**2 - 4*v**3 + 12*v + 5*v**3 - 60 + 896*v**2 + 3. Suppose 0 = -5*m - 20, -5*h + 8*m = 5*m - 132. What is the units digit of t(h)?
1
Let v = 1 - -123